125231
What are the prime factors of 4617535?
5, 13, 71039
What are the prime factors of 82666?
2, 41333
List the prime factors of 31026186.
2, 3, 61, 9419
List the prime factors of 11118126.
2, 3, 401, 4621
List the prime factors of 749936.
2, 11, 4261
List the prime factors of 6102521.
23, 37, 71, 101
List the prime factors of 20262.
2, 3, 11, 307
What are the prime factors of 268651?
17, 15803
List the prime factors of 3552212.
2, 23, 38611
List the prime factors of 863142.
2, 3, 7, 20551
List the prime factors of 59544.
2, 3, 827
What are the prime factors of 171326?
2, 17, 5039
What are the prime factors of 1059002?
2, 7, 67, 1129
What are the prime factors of 8159227?
19, 23, 18671
List the prime factors of 1170510.
2, 3, 5, 11, 3547
What are the prime factors of 482614?
2, 11, 21937
What are the prime factors of 328571?
59, 5569
What are the prime factors of 8030170?
2, 5, 827, 971
What are the prime factors of 1783120?
2, 5, 31, 719
What are the prime factors of 3261779?
53, 61543
List the prime factors of 9483661.
11, 53, 16267
List the prime factors of 141304.
2, 17, 1039
List the prime factors of 908145.
3, 5, 7, 31
List the prime factors of 48282.
2, 3, 13, 619
List the prime factors of 10588518.
2, 3, 17, 34603
What are the prime factors of 248346?
2, 3, 7, 73
List the prime factors of 4514836.
2, 29, 38921
What are the prime factors of 17943726?
2, 3, 23, 130027
What are the prime factors of 1225969?
23, 151, 353
List the prime factors of 468486.
2, 3, 17, 1531
List the prime factors of 1451669.
107, 13567
What are the prime factors of 5347157?
5347157
What are the prime factors of 1145003?
1145003
What are the prime factors of 818058?
2, 3, 136343
List the prime factors of 900260.
2, 5, 45013
What are the prime factors of 254242?
2, 23, 5527
What are the prime factors of 2370487?
7, 397, 853
What are the prime factors of 236120?
2, 5, 5903
What are the prime factors of 103960?
2, 5, 23, 113
List the prime factors of 3369861.
3, 11, 34039
List the prime factors of 69665.
5, 13933
What are the prime factors of 221744?
2, 13859
List the prime factors of 4879106.
2, 2439553
What are the prime factors of 1425406?
2, 41, 17383
List the prime factors of 2007225.
3, 5, 11, 811
What are the prime factors of 364501?
29, 12569
What are the prime factors of 178366?
2, 101, 883
What are the prime factors of 41177?
41177
What are the prime factors of 7212535?
5, 11, 71, 1847
What are the prime factors of 95688?
2, 3, 443
List the prime factors of 2249889.
3, 43, 107, 163
What are the prime factors of 263451?
3, 137, 641
What are the prime factors of 1292699?
101, 12799
List the prime factors of 491089.
397, 1237
List the prime factors of 13856966.
2, 19, 364657
What are the prime factors of 2169304?
2, 271163
List the prime factors of 180667.
180667
What are the prime factors of 993584?
2, 62099
List the prime factors of 4148091.
3, 83, 617
What are the prime factors of 1181384?
2, 147673
List the prime factors of 81114.
2, 3, 11, 1229
List the prime factors of 1029706.
2, 514853
List the prime factors of 12588571.
79, 159349
What are the prime factors of 5523661?
11, 13, 19, 107
List the prime factors of 355433.
13, 19, 1439
What are the prime factors of 463795?
5, 23, 37, 109
List the prime factors of 11937479.
1009, 11831
What are the prime factors of 359233?
7, 19, 37, 73
List the prime factors of 7329300.
2, 3, 5, 11, 2221
List the prime factors of 23259123.
3, 223, 3863
List the prime factors of 11483105.
5, 2296621
List the prime factors of 11684256.
2, 3, 121711
What are the prime factors of 5836334?
2, 7, 416881
List the prime factors of 815477.
13, 149, 421
What are the prime factors of 268377?
3, 89459
What are the prime factors of 14653609?
17, 861977
What are the prime factors of 6373451?
7, 373, 2441
List the prime factors of 123322.
2, 197, 313
List the prime factors of 3346302.
2, 3, 557717
List the prime factors of 3635684.
2, 13, 139, 503
List the prime factors of 16660600.
2, 5, 11, 7573
List the prime factors of 2048742.
2, 3, 113819
What are the prime factors of 1706431?
569, 2999
What are the prime factors of 13015143?
3, 61, 151, 157
What are the prime factors of 3936828?
2, 3, 7, 46867
What are the prime factors of 2159886?
2, 3, 359981
What are the prime factors of 1340382?
2, 3, 17, 773
List the prime factors of 978098.
2, 11, 23, 1933
What are the prime factors of 2558243?
2558243
What are the prime factors of 1711315?
5, 23, 647
What are the prime factors of 2274152?
2, 284269
What are the prime factors of 3682620?
2, 3, 5, 41, 499
List the prime factors of 4034.
2, 2017
List the prime factors of 113648.
2, 7103
What are the prime factors of 409682?
2, 7, 13, 2251
What are the prime factors of 1996878?
2, 3, 13, 25601
What are the prime factors of 237599?
53, 4483
What are the prime factors of 4536430?
2, 5, 453643
List the prime factors of 197451.
3, 71, 103
What are the prime factors of 3168359?
59, 83, 647
List the prime factors of 357590.
2, 5, 35759
List the prime factors of 9708724.
2, 1163, 2087
What are the prime factors of 418033?
7, 11, 61, 89
List the prime factors of 758997.
3, 28111
List the prime factors of 4975842.
2, 3, 41, 113, 179
What are the prime factors of 325852?
2, 81463
What are the prime factors of 18515181?
3, 6171727
What are the prime factors of 525652?
2, 131413
What are the prime factors of 2389910?
2, 5, 238991
List the prime factors of 14329763.
7, 173, 11833
List the prime factors of 388244.
2, 31, 101
What are the prime factors of 2072870?
2, 5, 207287
What are the prime factors of 3829?
7, 547
What are the prime factors of 699363?
3, 7, 17, 653
List the prime factors of 43269075.
3, 5, 192307
What are the prime factors of 53971?
31, 1741
What are the prime factors of 75101?
13, 53, 109
What are the prime factors of 313004?
2, 17, 4603
What are the prime factors of 575697?
3, 191899
What are the prime factors of 263889?
3, 109, 269
What are the prime factors of 13865701?
53, 431, 607
List the prime factors of 163312.
2, 59, 173
List the prime factors of 192211.
23, 61, 137
What are the prime factors of 126002?
2, 251
List the prime factors of 9582491.
73, 131267
List the prime factors of 2672295.
3, 5, 67, 2659
List the prime factors of 4614821.
4614821
List the prime factors of 734615.
5, 7, 139, 151
List the prime factors of 464208.
2, 3, 19, 509
What are the prime factors of 1040450?
2, 5, 20809
List the prime factors of 8365425.
3, 5, 111539
What are the prime factors of 1698716?
2, 424679
List the prime factors of 496988.
2, 124247
What are the prime factors of 10415413?
10415413
List the prime factors of 994615.
5, 67, 2969
What are the prime factors of 66329?
19, 3491
List the prime factors of 16634733.
3, 5544911
What are the prime factors of 154857?
3, 41, 1259
List the prime factors of 20445759.
3, 2271751
List the prime factors of 141127.
7, 20161
List the prime factors of 461766.
2, 3, 76961
List the prime factors of 605729.
409, 1481
What are the prime factors of 2632926?
2, 3, 17, 83, 311
List the prime factors of 3580.
2, 5, 179
What are the prime factors of 4201441?
1091, 3851
List the prime factors of 36858.
2, 3, 6143
What are the prime factors of 360490?
2, 5, 13, 47, 59
List the prime factors of 1358485.
5, 97, 2801
List the prime factors of 246229.
73, 3373
List the prime factors of 196223.
317, 619
What are the prime factors of 2078475?
3, 5, 7, 37, 107
What are the prime factors of 463024?
2, 43, 673
List the prime factors of 9040680.
2, 3, 5, 11, 761
What are the prime factors of 661717?
7, 94531
What are the prime factors of 8065129?
8065129
List the prime factors of 385645.
5, 13, 17, 349
What are the prime factors of 7021369?
229, 30661
List the prime factors of 4239016.
2, 37, 14321
What are the prime factors of 7230135?
3, 5, 11, 29, 1511
List the prime factors of 2510906.
2, 1255453
List the prime factors of 110218.
2, 55109
What are the prime factors of 3390621?
3, 13, 86939
What are the prime factors of 20739037?
11, 101, 1697
What are the prime factors of 234350?
2, 5, 43, 109
What are the prime factors of 2168713?
2168713
List the prime factors of 24157753.
97, 271, 919
List the prime factors of 539369.
31, 127, 137
List the prime factors of 